{"id":1179,"date":"2025-12-11T22:33:50","date_gmt":"2025-12-11T21:33:50","guid":{"rendered":"https:\/\/sannebloem.nl\/wwwinkel\/?post_type=product&#038;p=1179"},"modified":"2026-03-03T14:37:33","modified_gmt":"2026-03-03T13:37:33","slug":"boek-organiseer-een-fijne-markt-tips-en-trucs-voor-organisatoren-digitaal","status":"publish","type":"product","link":"https:\/\/sannebloem.nl\/wwwinkel\/!\/boek-organiseer-een-fijne-markt-tips-en-trucs-voor-organisatoren-digitaal\/","title":{"rendered":"Boek: Organiseer een fijne markt: tips en trucs voor organisatoren (digitaal)"},"content":{"rendered":"<p>Organiseer een fijne markt Mevrouw Markt.epub<br \/>\nOrganiseer een fijne markt Mevrouw Markt.pdf<br \/>\nOrganiseer een fijne markt Mevrouw Markt.mobi<\/p>\n<p>Bij deze download krijg je ook deze pdf&#8217;s:<\/p>\n<p>&#8211;\u00a0 voorbeeld algemene voorwaarden markt<br \/>\n&#8211;\u00a0 voorbeeld aanmeldformulier<br \/>\n&#8211;\u00a0 planning<\/p>\n","protected":false},"excerpt":{"rendered":"<div id=\"titleblock_feature_div\" class=\"celwidget\" data-feature-name=\"titleblock\" data-csa-c-type=\"widget\" data-csa-c-content-id=\"titleblock\" data-csa-c-slot-id=\"titleblock_feature_div\" data-csa-c-asin=\"\" data-csa-c-is-in-initial-active-row=\"false\" data-csa-c-id=\"5skasp-tv82s1-25hno0-v8e5o9\" data-cel-widget=\"titleblock_feature_div\">\n<div class=\"a-section a-spacing-none\">\n<h1 id=\"title\" class=\"a-spacing-none a-text-normal\"><span id=\"productTitle\" class=\"a-size-large celwidget\" data-csa-c-id=\"egn1x7-uhvy5o-1g7fba-lj0t3e\" data-cel-widget=\"productTitle\">Organiseer een fijne markt: tips en trucs voor organisatoren\u00a0<\/span><\/h1>\n<\/div>\n<\/div>\n<div id=\"provenanceCertifications_feature_div\" class=\"celwidget\" data-feature-name=\"provenanceCertifications\" data-csa-c-type=\"widget\" data-csa-c-content-id=\"provenanceCertifications\" data-csa-c-slot-id=\"provenanceCertifications_feature_div\" data-csa-c-asin=\"\" data-csa-c-is-in-initial-active-row=\"false\" data-csa-c-id=\"w5yj-tp7yfc-sqj6ze-yfttr6\" data-cel-widget=\"provenanceCertifications_feature_div\"><\/div>\n<div id=\"bookDescription_feature_div\" class=\"celwidget\" data-feature-name=\"bookDescription\" data-csa-c-type=\"widget\" data-csa-c-content-id=\"bookDescription\" data-csa-c-slot-id=\"bookDescription_feature_div\" data-csa-c-asin=\"\" data-csa-c-is-in-initial-active-row=\"false\" data-csa-c-id=\"eh03fj-gs5xy1-1n52as-criwuq\" data-cel-widget=\"bookDescription_feature_div\">\n<div class=\"a-expander-collapsed-height a-row a-expander-container a-spacing-base a-expander-partial-collapse-container\" data-a-expander-name=\"book_description_expander\" data-a-expander-collapsed-height=\"280\">\n<div class=\"a-expander-content a-expander-partial-collapse-content\" data-expanded=\"false\">\n<p>Ga jij een grote markt organiseren met duizenden bezoekers of organiseer je een kleinschalige markt bij jou in de buurt? Dit boek staat barstensvol met tips voor \u00e1lle organisatoren van allerlei soorten markten.<\/p>\n<p>Mevrouw Markt is sinds 2016 d\u00e9 website voor organisatoren van en deelnemers aan fijne, creatieve markten in Nederland en Belgi\u00eb. Er staat een selectie van lifestyle markten, (potenti\u00eble) deelnemers kunnen zich er inschrijven voor de nieuwsbrief, waardoor ze het direct horen wanneer een markt op zoek is naar deelnemers.<\/p>\n<p>Dit boek is een fijne, complete handleiding voor organisatoren van allerlei markten, niet alleen de kleinere creatieve markten. Het is geschreven door &#8220;Mevrouw Markt&#8221; een pennaam van Sanne Bloem. Ze organiseert sinds 2010 de succesvolle &#8220;Zelfgemaakte Markt&#8221; die elk jaar meer dan 10.000 bezoekers verwelkomt en heeft inmiddels al meer dan 50 markten op haar naam staan. Alle kennis ervaring, fouten en overwegingen zijn opgenomen in dit boek. Het boek is vlotjes en met humor geschreven.<\/p>\n<\/div>\n<\/div>\n<\/div>\n","protected":false},"featured_media":1208,"template":"","meta":{"_acf_changed":false},"locatie":[],"product_brand":[],"product_cat":[46],"product_tag":[],"class_list":{"0":"post-1179","1":"product","2":"type-product","3":"status-publish","4":"has-post-thumbnail","6":"product_cat-overige","8":"first","9":"instock","10":"downloadable","11":"virtual","12":"taxable","13":"purchasable","14":"product-type-simple"},"acf":[],"yoast_head":"<!-- This site is optimized with the Yoast SEO plugin v27.4 - https:\/\/yoast.com\/product\/yoast-seo-wordpress\/ -->\n<title>Boek: Organiseer een fijne markt: tips en trucs voor organisatoren (digitaal) - WWWINKEL<\/title>\n<meta name=\"robots\" content=\"index, follow, max-snippet:-1, max-image-preview:large, max-video-preview:-1\" \/>\n<link rel=\"canonical\" href=\"https:\/\/sannebloem.nl\/wwwinkel\/!\/boek-organiseer-een-fijne-markt-tips-en-trucs-voor-organisatoren-digitaal\/\" \/>\n<meta property=\"og:locale\" content=\"nl_NL\" \/>\n<meta property=\"og:type\" content=\"article\" \/>\n<meta property=\"og:title\" content=\"Boek: Organiseer een fijne markt: tips en trucs voor organisatoren (digitaal) - WWWINKEL\" \/>\n<meta property=\"og:description\" content=\"Organiseer een fijne markt: tips en trucs voor organisatoren\u00a0        Ga jij een grote markt organiseren met duizenden bezoekers of organiseer je een kleinschalige markt bij jou in de buurt? Dit boek staat barstensvol met tips voor \u00e1lle organisatoren van allerlei soorten markten.  Mevrouw Markt is sinds 2016 d\u00e9 website voor organisatoren van en deelnemers aan fijne, creatieve markten in Nederland en Belgi\u00eb. Er staat een selectie van lifestyle markten, (potenti\u00eble) deelnemers kunnen zich er inschrijven voor de nieuwsbrief, waardoor ze het direct horen wanneer een markt op zoek is naar deelnemers.  Dit boek is een fijne, complete handleiding voor organisatoren van allerlei markten, niet alleen de kleinere creatieve markten. Het is geschreven door &quot;Mevrouw Markt&quot; een pennaam van Sanne Bloem. Ze organiseert sinds 2010 de succesvolle &quot;Zelfgemaakte Markt&quot; die elk jaar meer dan 10.000 bezoekers verwelkomt en heeft inmiddels al meer dan 50 markten op haar naam staan. Alle kennis ervaring, fouten en overwegingen zijn opgenomen in dit boek. Het boek is vlotjes en met humor geschreven.\" \/>\n<meta property=\"og:url\" content=\"https:\/\/sannebloem.nl\/wwwinkel\/!\/boek-organiseer-een-fijne-markt-tips-en-trucs-voor-organisatoren-digitaal\/\" \/>\n<meta property=\"og:site_name\" content=\"WWWINKEL\" \/>\n<meta property=\"article:modified_time\" content=\"2026-03-03T13:37:33+00:00\" \/>\n<meta property=\"og:image\" content=\"https:\/\/sannebloem.nl\/wwwinkel\/wp-content\/uploads\/2025\/12\/organiseer-een-markt.png\" \/>\n\t<meta property=\"og:image:width\" content=\"700\" \/>\n\t<meta property=\"og:image:height\" content=\"1381\" \/>\n\t<meta property=\"og:image:type\" content=\"image\/png\" \/>\n<meta name=\"twitter:card\" content=\"summary_large_image\" \/>\n<meta name=\"twitter:label1\" content=\"Geschatte leestijd\" \/>\n\t<meta name=\"twitter:data1\" content=\"1 minuut\" \/>\n<script type=\"application\/ld+json\" class=\"yoast-schema-graph\">{\"@context\":\"https:\\\/\\\/schema.org\",\"@graph\":[{\"@type\":\"WebPage\",\"@id\":\"https:\\\/\\\/sannebloem.nl\\\/wwwinkel\\\/!\\\/boek-organiseer-een-fijne-markt-tips-en-trucs-voor-organisatoren-digitaal\\\/\",\"url\":\"https:\\\/\\\/sannebloem.nl\\\/wwwinkel\\\/!\\\/boek-organiseer-een-fijne-markt-tips-en-trucs-voor-organisatoren-digitaal\\\/\",\"name\":\"Boek: Organiseer een fijne markt: tips en trucs voor organisatoren (digitaal) - WWWINKEL\",\"isPartOf\":{\"@id\":\"https:\\\/\\\/sannebloem.nl\\\/wwwinkel\\\/#website\"},\"primaryImageOfPage\":{\"@id\":\"https:\\\/\\\/sannebloem.nl\\\/wwwinkel\\\/!\\\/boek-organiseer-een-fijne-markt-tips-en-trucs-voor-organisatoren-digitaal\\\/#primaryimage\"},\"image\":{\"@id\":\"https:\\\/\\\/sannebloem.nl\\\/wwwinkel\\\/!\\\/boek-organiseer-een-fijne-markt-tips-en-trucs-voor-organisatoren-digitaal\\\/#primaryimage\"},\"thumbnailUrl\":\"https:\\\/\\\/sannebloem.nl\\\/wwwinkel\\\/wp-content\\\/uploads\\\/2025\\\/12\\\/organiseer-een-markt.png\",\"datePublished\":\"2025-12-11T21:33:50+00:00\",\"dateModified\":\"2026-03-03T13:37:33+00:00\",\"breadcrumb\":{\"@id\":\"https:\\\/\\\/sannebloem.nl\\\/wwwinkel\\\/!\\\/boek-organiseer-een-fijne-markt-tips-en-trucs-voor-organisatoren-digitaal\\\/#breadcrumb\"},\"inLanguage\":\"nl-NL\",\"potentialAction\":[{\"@type\":\"ReadAction\",\"target\":[\"https:\\\/\\\/sannebloem.nl\\\/wwwinkel\\\/!\\\/boek-organiseer-een-fijne-markt-tips-en-trucs-voor-organisatoren-digitaal\\\/\"]}]},{\"@type\":\"ImageObject\",\"inLanguage\":\"nl-NL\",\"@id\":\"https:\\\/\\\/sannebloem.nl\\\/wwwinkel\\\/!\\\/boek-organiseer-een-fijne-markt-tips-en-trucs-voor-organisatoren-digitaal\\\/#primaryimage\",\"url\":\"https:\\\/\\\/sannebloem.nl\\\/wwwinkel\\\/wp-content\\\/uploads\\\/2025\\\/12\\\/organiseer-een-markt.png\",\"contentUrl\":\"https:\\\/\\\/sannebloem.nl\\\/wwwinkel\\\/wp-content\\\/uploads\\\/2025\\\/12\\\/organiseer-een-markt.png\",\"width\":700,\"height\":1381},{\"@type\":\"BreadcrumbList\",\"@id\":\"https:\\\/\\\/sannebloem.nl\\\/wwwinkel\\\/!\\\/boek-organiseer-een-fijne-markt-tips-en-trucs-voor-organisatoren-digitaal\\\/#breadcrumb\",\"itemListElement\":[{\"@type\":\"ListItem\",\"position\":1,\"name\":\"Home\",\"item\":\"https:\\\/\\\/sannebloem.nl\\\/wwwinkel\\\/\"},{\"@type\":\"ListItem\",\"position\":2,\"name\":\"Sanne&#8217;s winkel\",\"item\":\"https:\\\/\\\/sannebloem.nl\\\/wwwinkel\\\/winkel\\\/\"},{\"@type\":\"ListItem\",\"position\":3,\"name\":\"Boek: Organiseer een fijne markt: tips en trucs voor organisatoren (digitaal)\"}]},{\"@type\":\"WebSite\",\"@id\":\"https:\\\/\\\/sannebloem.nl\\\/wwwinkel\\\/#website\",\"url\":\"https:\\\/\\\/sannebloem.nl\\\/wwwinkel\\\/\",\"name\":\"WWWINKEL\",\"description\":\"van sannebloem\",\"potentialAction\":[{\"@type\":\"SearchAction\",\"target\":{\"@type\":\"EntryPoint\",\"urlTemplate\":\"https:\\\/\\\/sannebloem.nl\\\/wwwinkel\\\/?s={search_term_string}\"},\"query-input\":{\"@type\":\"PropertyValueSpecification\",\"valueRequired\":true,\"valueName\":\"search_term_string\"}}],\"inLanguage\":\"nl-NL\"}]}<\/script>\n<!-- \/ Yoast SEO plugin. -->","yoast_head_json":{"title":"Boek: Organiseer een fijne markt: tips en trucs voor organisatoren (digitaal) - WWWINKEL","robots":{"index":"index","follow":"follow","max-snippet":"max-snippet:-1","max-image-preview":"max-image-preview:large","max-video-preview":"max-video-preview:-1"},"canonical":"https:\/\/sannebloem.nl\/wwwinkel\/!\/boek-organiseer-een-fijne-markt-tips-en-trucs-voor-organisatoren-digitaal\/","og_locale":"nl_NL","og_type":"article","og_title":"Boek: Organiseer een fijne markt: tips en trucs voor organisatoren (digitaal) - WWWINKEL","og_description":"Organiseer een fijne markt: tips en trucs voor organisatoren\u00a0        Ga jij een grote markt organiseren met duizenden bezoekers of organiseer je een kleinschalige markt bij jou in de buurt? Dit boek staat barstensvol met tips voor \u00e1lle organisatoren van allerlei soorten markten.  Mevrouw Markt is sinds 2016 d\u00e9 website voor organisatoren van en deelnemers aan fijne, creatieve markten in Nederland en Belgi\u00eb. Er staat een selectie van lifestyle markten, (potenti\u00eble) deelnemers kunnen zich er inschrijven voor de nieuwsbrief, waardoor ze het direct horen wanneer een markt op zoek is naar deelnemers.  Dit boek is een fijne, complete handleiding voor organisatoren van allerlei markten, niet alleen de kleinere creatieve markten. Het is geschreven door \"Mevrouw Markt\" een pennaam van Sanne Bloem. Ze organiseert sinds 2010 de succesvolle \"Zelfgemaakte Markt\" die elk jaar meer dan 10.000 bezoekers verwelkomt en heeft inmiddels al meer dan 50 markten op haar naam staan. Alle kennis ervaring, fouten en overwegingen zijn opgenomen in dit boek. Het boek is vlotjes en met humor geschreven.","og_url":"https:\/\/sannebloem.nl\/wwwinkel\/!\/boek-organiseer-een-fijne-markt-tips-en-trucs-voor-organisatoren-digitaal\/","og_site_name":"WWWINKEL","article_modified_time":"2026-03-03T13:37:33+00:00","og_image":[{"width":700,"height":1381,"url":"https:\/\/sannebloem.nl\/wwwinkel\/wp-content\/uploads\/2025\/12\/organiseer-een-markt.png","type":"image\/png"}],"twitter_card":"summary_large_image","twitter_misc":{"Geschatte leestijd":"1 minuut"},"schema":{"@context":"https:\/\/schema.org","@graph":[{"@type":"WebPage","@id":"https:\/\/sannebloem.nl\/wwwinkel\/!\/boek-organiseer-een-fijne-markt-tips-en-trucs-voor-organisatoren-digitaal\/","url":"https:\/\/sannebloem.nl\/wwwinkel\/!\/boek-organiseer-een-fijne-markt-tips-en-trucs-voor-organisatoren-digitaal\/","name":"Boek: Organiseer een fijne markt: tips en trucs voor organisatoren (digitaal) - WWWINKEL","isPartOf":{"@id":"https:\/\/sannebloem.nl\/wwwinkel\/#website"},"primaryImageOfPage":{"@id":"https:\/\/sannebloem.nl\/wwwinkel\/!\/boek-organiseer-een-fijne-markt-tips-en-trucs-voor-organisatoren-digitaal\/#primaryimage"},"image":{"@id":"https:\/\/sannebloem.nl\/wwwinkel\/!\/boek-organiseer-een-fijne-markt-tips-en-trucs-voor-organisatoren-digitaal\/#primaryimage"},"thumbnailUrl":"https:\/\/sannebloem.nl\/wwwinkel\/wp-content\/uploads\/2025\/12\/organiseer-een-markt.png","datePublished":"2025-12-11T21:33:50+00:00","dateModified":"2026-03-03T13:37:33+00:00","breadcrumb":{"@id":"https:\/\/sannebloem.nl\/wwwinkel\/!\/boek-organiseer-een-fijne-markt-tips-en-trucs-voor-organisatoren-digitaal\/#breadcrumb"},"inLanguage":"nl-NL","potentialAction":[{"@type":"ReadAction","target":["https:\/\/sannebloem.nl\/wwwinkel\/!\/boek-organiseer-een-fijne-markt-tips-en-trucs-voor-organisatoren-digitaal\/"]}]},{"@type":"ImageObject","inLanguage":"nl-NL","@id":"https:\/\/sannebloem.nl\/wwwinkel\/!\/boek-organiseer-een-fijne-markt-tips-en-trucs-voor-organisatoren-digitaal\/#primaryimage","url":"https:\/\/sannebloem.nl\/wwwinkel\/wp-content\/uploads\/2025\/12\/organiseer-een-markt.png","contentUrl":"https:\/\/sannebloem.nl\/wwwinkel\/wp-content\/uploads\/2025\/12\/organiseer-een-markt.png","width":700,"height":1381},{"@type":"BreadcrumbList","@id":"https:\/\/sannebloem.nl\/wwwinkel\/!\/boek-organiseer-een-fijne-markt-tips-en-trucs-voor-organisatoren-digitaal\/#breadcrumb","itemListElement":[{"@type":"ListItem","position":1,"name":"Home","item":"https:\/\/sannebloem.nl\/wwwinkel\/"},{"@type":"ListItem","position":2,"name":"Sanne&#8217;s winkel","item":"https:\/\/sannebloem.nl\/wwwinkel\/winkel\/"},{"@type":"ListItem","position":3,"name":"Boek: Organiseer een fijne markt: tips en trucs voor organisatoren (digitaal)"}]},{"@type":"WebSite","@id":"https:\/\/sannebloem.nl\/wwwinkel\/#website","url":"https:\/\/sannebloem.nl\/wwwinkel\/","name":"WWWINKEL","description":"van sannebloem","potentialAction":[{"@type":"SearchAction","target":{"@type":"EntryPoint","urlTemplate":"https:\/\/sannebloem.nl\/wwwinkel\/?s={search_term_string}"},"query-input":{"@type":"PropertyValueSpecification","valueRequired":true,"valueName":"search_term_string"}}],"inLanguage":"nl-NL"}]}},"_links":{"self":[{"href":"https:\/\/sannebloem.nl\/wwwinkel\/wp-json\/wp\/v2\/product\/1179","targetHints":{"allow":["GET"]}}],"collection":[{"href":"https:\/\/sannebloem.nl\/wwwinkel\/wp-json\/wp\/v2\/product"}],"about":[{"href":"https:\/\/sannebloem.nl\/wwwinkel\/wp-json\/wp\/v2\/types\/product"}],"wp:featuredmedia":[{"embeddable":true,"href":"https:\/\/sannebloem.nl\/wwwinkel\/wp-json\/wp\/v2\/media\/1208"}],"wp:attachment":[{"href":"https:\/\/sannebloem.nl\/wwwinkel\/wp-json\/wp\/v2\/media?parent=1179"}],"wp:term":[{"taxonomy":"locatie","embeddable":true,"href":"https:\/\/sannebloem.nl\/wwwinkel\/wp-json\/wp\/v2\/locatie?post=1179"},{"taxonomy":"product_brand","embeddable":true,"href":"https:\/\/sannebloem.nl\/wwwinkel\/wp-json\/wp\/v2\/product_brand?post=1179"},{"taxonomy":"product_cat","embeddable":true,"href":"https:\/\/sannebloem.nl\/wwwinkel\/wp-json\/wp\/v2\/product_cat?post=1179"},{"taxonomy":"product_tag","embeddable":true,"href":"https:\/\/sannebloem.nl\/wwwinkel\/wp-json\/wp\/v2\/product_tag?post=1179"}],"curies":[{"name":"wp","href":"https:\/\/api.w.org\/{rel}","templated":true}]}}